{"id":22,"date":"2022-08-28T12:18:54","date_gmt":"2022-08-28T12:18:54","guid":{"rendered":"https:\/\/www.privatkollar.sk\/?page_id=22"},"modified":"2026-03-27T18:13:49","modified_gmt":"2026-03-27T18:13:49","slug":"home","status":"publish","type":"page","link":"https:\/\/www.privatkollar.sk\/","title":{"rendered":"Vitajte na str\u00e1nkach n\u00e1\u0161ho Priv\u00e1tu KOLL\u00c1R"},"content":{"rendered":"\n<p>Pon\u00fakame V\u00e1m pr\u00edjemn\u00e9 ubytovanie v rodinnom Priv\u00e1te KOLL\u00c1R v Novej Lesnej, ktor\u00e1 le\u017e\u00ed priamo pod Vysok\u00fdmi Tatrami.<\/p>\n\n\n\n<p>Ubytovanie u n\u00e1s je super, preto\u017ee: <\/p>\n\n\n\n<ul><li>u n\u00e1s prispejete k ochrane \u017eivotn\u00e9ho prostredia, preto\u017ee vyu\u017e\u00edvame slne\u010dn\u00fa energiu<\/li><li>m\u00e1me dobr\u00fa polohu na \u00fap\u00e4t\u00ed najmen\u0161\u00edch ve\u013ehor<\/li><li>m\u00e1me v\u00fdhodn\u00e9 ceny &#8211; mimo sez\u00f3ny dohodou<\/li><\/ul>\n\n\n\n<p>Ubytovacia kapacita Priv\u00e1tu KOLL\u00c1R je 12 l\u00f4\u017eok. N\u00e1v\u0161tevn\u00edkom pon\u00fakame ubytovanie v \u0161tyroch 2-3-l\u00f4\u017ekov\u00fdch izb\u00e1ch. Ka\u017ed\u00e1 izba je vybaven\u00e1 samostatnou sprchou a WC. Na poschod\u00ed je kuchy\u0148a, kde m\u00e1te mo\u017enos\u0165 pripravit si vlastn\u00e9 jedlo. S kuchy\u0148ou je spojen\u00e1 ob\u00fdvacia miestnost s TV pr\u00edjma\u010dom so satelitom. <\/p>\n\n\n\n<p>Ubytovanie\u00a0<a href=\"https:\/\/www.megaubytovanie.sk\/privat-kollar?mu_email=eyJtIjoiNHpnNzciLCJjIjoiNGJhNmYzZWQtNTczOC00OGFlLThjNmMtNzY0NTMwYjc5MTVlIn0\" target=\"_blank\" rel=\"noreferrer noopener\">Priv\u00e1t Koll\u00e1r<\/a>\u00a0v\u00edta host\u00ed z ob\u013e\u00faben\u00e9ho ubytovacieho port\u00e1lu\u00a0<a href=\"https:\/\/www.megaubytovanie.sk\/?mu_email=eyJtIjoiNHpnNzciLCJjIjoiNGJhNmYzZWQtNTczOC00OGFlLThjNmMtNzY0NTMwYjc5MTVlIn0\" target=\"_blank\" rel=\"noreferrer noopener\">MegaUbytovanie.sk<\/a>\u00a0u\u017e od marca 2026.<\/p>\n\n\n\n<p>Te\u0161\u00edme sa na Va\u0161u n\u00e1v\u0161tevu!<\/p>\n","protected":false},"excerpt":{"rendered":"<p>Pon\u00fakame V\u00e1m pr\u00edjemn\u00e9 ubytovanie v rodinnom Priv\u00e1te KOLL\u00c1R v Novej Lesnej, ktor\u00e1 le\u017e\u00ed priamo pod Vysok\u00fdmi Tatrami. Ubytovanie u n\u00e1s je super, preto\u017ee: u n\u00e1s prispejete k ochrane \u017eivotn\u00e9ho prostredia, preto\u017ee vyu\u017e\u00edvame slne\u010dn\u00fa energiu m\u00e1me dobr\u00fa polohu na \u00fap\u00e4t\u00ed najmen\u0161\u00edch ve\u013ehor m\u00e1me v\u00fdhodn\u00e9 ceny &#8211; mimo sez\u00f3ny dohodou Ubytovacia kapacita Priv\u00e1tu KOLL\u00c1R je 12 l\u00f4\u017eok. [&hellip;]<\/p>\n","protected":false},"author":1,"featured_media":0,"parent":0,"menu_order":0,"comment_status":"closed","ping_status":"closed","template":"","meta":{"_monsterinsights_skip_tracking":false,"_monsterinsights_sitenote_active":false,"_monsterinsights_sitenote_note":"","_monsterinsights_sitenote_category":0},"yoast_head":"<!-- This site is optimized with the Yoast SEO plugin v19.6 - https:\/\/yoast.com\/wordpress\/plugins\/seo\/ -->\n<title>Vitajte na str\u00e1nkach n\u00e1\u0161ho Priv\u00e1tu KOLL\u00c1R - Privat Kollar<\/title>\n<meta name=\"robots\" content=\"index, follow, max-snippet:-1, max-image-preview:large, max-video-preview:-1\" \/>\n<link rel=\"canonical\" href=\"https:\/\/www.privatkollar.sk\/\" \/>\n<meta property=\"og:locale\" content=\"sk_SK\" \/>\n<meta property=\"og:type\" content=\"article\" \/>\n<meta property=\"og:title\" content=\"Vitajte na str\u00e1nkach n\u00e1\u0161ho Priv\u00e1tu KOLL\u00c1R - Privat Kollar\" \/>\n<meta property=\"og:description\" content=\"Pon\u00fakame V\u00e1m pr\u00edjemn\u00e9 ubytovanie v rodinnom Priv\u00e1te KOLL\u00c1R v Novej Lesnej, ktor\u00e1 le\u017e\u00ed priamo pod Vysok\u00fdmi Tatrami. Ubytovanie u n\u00e1s je super, preto\u017ee: u n\u00e1s prispejete k ochrane \u017eivotn\u00e9ho prostredia, preto\u017ee vyu\u017e\u00edvame slne\u010dn\u00fa energiu m\u00e1me dobr\u00fa polohu na \u00fap\u00e4t\u00ed najmen\u0161\u00edch ve\u013ehor m\u00e1me v\u00fdhodn\u00e9 ceny &#8211; mimo sez\u00f3ny dohodou Ubytovacia kapacita Priv\u00e1tu KOLL\u00c1R je 12 l\u00f4\u017eok. [&hellip;]\" \/>\n<meta property=\"og:url\" content=\"https:\/\/www.privatkollar.sk\/\" \/>\n<meta property=\"og:site_name\" content=\"Privat Kollar\" \/>\n<meta property=\"article:modified_time\" content=\"2026-03-27T18:13:49+00:00\" \/>\n<meta name=\"twitter:card\" content=\"summary_large_image\" \/>\n<meta name=\"twitter:label1\" content=\"Predpokladan\u00fd \u010das \u010d\u00edtania\" \/>\n\t<meta name=\"twitter:data1\" content=\"1 min\u00fata\" \/>\n<script type=\"application\/ld+json\" class=\"yoast-schema-graph\">{\"@context\":\"https:\/\/schema.org\",\"@graph\":[{\"@type\":\"WebPage\",\"@id\":\"https:\/\/www.privatkollar.sk\/\",\"url\":\"https:\/\/www.privatkollar.sk\/\",\"name\":\"Vitajte na str\u00e1nkach n\u00e1\u0161ho Priv\u00e1tu KOLL\u00c1R - Privat Kollar\",\"isPartOf\":{\"@id\":\"https:\/\/www.privatkollar.sk\/#website\"},\"datePublished\":\"2022-08-28T12:18:54+00:00\",\"dateModified\":\"2026-03-27T18:13:49+00:00\",\"breadcrumb\":{\"@id\":\"https:\/\/www.privatkollar.sk\/#breadcrumb\"},\"inLanguage\":\"sk-SK\",\"potentialAction\":[{\"@type\":\"ReadAction\",\"target\":[\"https:\/\/www.privatkollar.sk\/\"]}]},{\"@type\":\"BreadcrumbList\",\"@id\":\"https:\/\/www.privatkollar.sk\/#breadcrumb\",\"itemListElement\":[{\"@type\":\"ListItem\",\"position\":1,\"name\":\"Home\",\"item\":\"https:\/\/www.privatkollar.sk\/\"},{\"@type\":\"ListItem\",\"position\":2,\"name\":\"Vitajte na str\u00e1nkach n\u00e1\u0161ho Priv\u00e1tu KOLL\u00c1R\"}]},{\"@type\":\"WebSite\",\"@id\":\"https:\/\/www.privatkollar.sk\/#website\",\"url\":\"https:\/\/www.privatkollar.sk\/\",\"name\":\"Privat Kollar\",\"description\":\"\",\"potentialAction\":[{\"@type\":\"SearchAction\",\"target\":{\"@type\":\"EntryPoint\",\"urlTemplate\":\"https:\/\/www.privatkollar.sk\/?s={search_term_string}\"},\"query-input\":\"required name=search_term_string\"}],\"inLanguage\":\"sk-SK\"}]}<\/script>\n<!-- \/ Yoast SEO plugin. -->","yoast_head_json":{"title":"Vitajte na str\u00e1nkach n\u00e1\u0161ho Priv\u00e1tu KOLL\u00c1R - Privat Kollar","robots":{"index":"index","follow":"follow","max-snippet":"max-snippet:-1","max-image-preview":"max-image-preview:large","max-video-preview":"max-video-preview:-1"},"canonical":"https:\/\/www.privatkollar.sk\/","og_locale":"sk_SK","og_type":"article","og_title":"Vitajte na str\u00e1nkach n\u00e1\u0161ho Priv\u00e1tu KOLL\u00c1R - Privat Kollar","og_description":"Pon\u00fakame V\u00e1m pr\u00edjemn\u00e9 ubytovanie v rodinnom Priv\u00e1te KOLL\u00c1R v Novej Lesnej, ktor\u00e1 le\u017e\u00ed priamo pod Vysok\u00fdmi Tatrami. Ubytovanie u n\u00e1s je super, preto\u017ee: u n\u00e1s prispejete k ochrane \u017eivotn\u00e9ho prostredia, preto\u017ee vyu\u017e\u00edvame slne\u010dn\u00fa energiu m\u00e1me dobr\u00fa polohu na \u00fap\u00e4t\u00ed najmen\u0161\u00edch ve\u013ehor m\u00e1me v\u00fdhodn\u00e9 ceny &#8211; mimo sez\u00f3ny dohodou Ubytovacia kapacita Priv\u00e1tu KOLL\u00c1R je 12 l\u00f4\u017eok. [&hellip;]","og_url":"https:\/\/www.privatkollar.sk\/","og_site_name":"Privat Kollar","article_modified_time":"2026-03-27T18:13:49+00:00","twitter_card":"summary_large_image","twitter_misc":{"Predpokladan\u00fd \u010das \u010d\u00edtania":"1 min\u00fata"},"schema":{"@context":"https:\/\/schema.org","@graph":[{"@type":"WebPage","@id":"https:\/\/www.privatkollar.sk\/","url":"https:\/\/www.privatkollar.sk\/","name":"Vitajte na str\u00e1nkach n\u00e1\u0161ho Priv\u00e1tu KOLL\u00c1R - Privat Kollar","isPartOf":{"@id":"https:\/\/www.privatkollar.sk\/#website"},"datePublished":"2022-08-28T12:18:54+00:00","dateModified":"2026-03-27T18:13:49+00:00","breadcrumb":{"@id":"https:\/\/www.privatkollar.sk\/#breadcrumb"},"inLanguage":"sk-SK","potentialAction":[{"@type":"ReadAction","target":["https:\/\/www.privatkollar.sk\/"]}]},{"@type":"BreadcrumbList","@id":"https:\/\/www.privatkollar.sk\/#breadcrumb","itemListElement":[{"@type":"ListItem","position":1,"name":"Home","item":"https:\/\/www.privatkollar.sk\/"},{"@type":"ListItem","position":2,"name":"Vitajte na str\u00e1nkach n\u00e1\u0161ho Priv\u00e1tu KOLL\u00c1R"}]},{"@type":"WebSite","@id":"https:\/\/www.privatkollar.sk\/#website","url":"https:\/\/www.privatkollar.sk\/","name":"Privat Kollar","description":"","potentialAction":[{"@type":"SearchAction","target":{"@type":"EntryPoint","urlTemplate":"https:\/\/www.privatkollar.sk\/?s={search_term_string}"},"query-input":"required name=search_term_string"}],"inLanguage":"sk-SK"}]}},"_links":{"self":[{"href":"https:\/\/www.privatkollar.sk\/index.php?rest_route=\/wp\/v2\/pages\/22"}],"collection":[{"href":"https:\/\/www.privatkollar.sk\/index.php?rest_route=\/wp\/v2\/pages"}],"about":[{"href":"https:\/\/www.privatkollar.sk\/index.php?rest_route=\/wp\/v2\/types\/page"}],"author":[{"embeddable":true,"href":"https:\/\/www.privatkollar.sk\/index.php?rest_route=\/wp\/v2\/users\/1"}],"replies":[{"embeddable":true,"href":"https:\/\/www.privatkollar.sk\/index.php?rest_route=%2Fwp%2Fv2%2Fcomments&post=22"}],"version-history":[{"count":5,"href":"https:\/\/www.privatkollar.sk\/index.php?rest_route=\/wp\/v2\/pages\/22\/revisions"}],"predecessor-version":[{"id":118,"href":"https:\/\/www.privatkollar.sk\/index.php?rest_route=\/wp\/v2\/pages\/22\/revisions\/118"}],"wp:attachment":[{"href":"https:\/\/www.privatkollar.sk\/index.php?rest_route=%2Fwp%2Fv2%2Fmedia&parent=22"}],"curies":[{"name":"wp","href":"https:\/\/api.w.org\/{rel}","templated":true}]}}

Vitajte na stránkach nášho Privátu KOLLÁR

<p>Ponúkame Vám príjemné ubytovanie v rodinnom Priváte KOLLÁR v Novej Lesnej, ktorá leží priamo pod Vysokými Tatrami.</p>



<p>Ubytovanie u nás je super, pretože: </p>



<ul><li>u nás prispejete k ochrane životného prostredia, pretože využívame slnečnú energiu</li><li>máme dobrú polohu na úpätí najmenších veľhor</li><li>máme výhodné ceny &#8211; mimo sezóny dohodou</li></ul>



<p>Ubytovacia kapacita Privátu KOLLÁR je 12 lôžok. Návštevníkom ponúkame ubytovanie v štyroch 2-3-lôžkových izbách. Každá izba je vybavená samostatnou sprchou a WC. Na poschodí je kuchyňa, kde máte možnosť pripravit si vlastné jedlo. S kuchyňou je spojená obývacia miestnost s TV príjmačom so satelitom. </p>



<p>Ubytovanie <a href="https://www.megaubytovanie.sk/privat-kollar?mu_email=eyJtIjoiNHpnNzciLCJjIjoiNGJhNmYzZWQtNTczOC00OGFlLThjNmMtNzY0NTMwYjc5MTVlIn0" target="_blank" rel="noreferrer noopener">Privát Kollár</a> víta hostí z obľúbeného ubytovacieho portálu <a href="https://www.megaubytovanie.sk/?mu_email=eyJtIjoiNHpnNzciLCJjIjoiNGJhNmYzZWQtNTczOC00OGFlLThjNmMtNzY0NTMwYjc5MTVlIn0" target="_blank" rel="noreferrer noopener">MegaUbytovanie.sk</a> už od marca 2026.</p>



<p>Tešíme sa na Vašu návštevu!</p>

<p>Ponúkame Vám príjemné ubytovanie v rodinnom Priváte KOLLÁR v Novej Lesnej, ktorá leží priamo pod Vysokými Tatrami. Ubytovanie u nás je super, pretože: u nás prispejete k ochrane životného prostredia, pretože využívame slnečnú energiu máme dobrú polohu na úpätí najmenších veľhor máme výhodné ceny &#8211; mimo sezóny dohodou Ubytovacia kapacita Privátu KOLLÁR je 12 lôžok. [&hellip;]</p>

<!-- This site is optimized with the Yoast SEO plugin v19.6 - https://yoast.com/wordpress/plugins/seo/ -->
<title>Vitajte na stránkach nášho Privátu KOLLÁR - Privat Kollar</title>
<meta name="robots" content="index, follow, max-snippet:-1, max-image-preview:large, max-video-preview:-1" />
<link rel="canonical" href="https://www.privatkollar.sk/" />
<meta property="og:locale" content="sk_SK" />
<meta property="og:type" content="article" />
<meta property="og:title" content="Vitajte na stránkach nášho Privátu KOLLÁR - Privat Kollar" />
<meta property="og:description" content="Ponúkame Vám príjemné ubytovanie v rodinnom Priváte KOLLÁR v Novej Lesnej, ktorá leží priamo pod Vysokými Tatrami. Ubytovanie u nás je super, pretože: u nás prispejete k ochrane životného prostredia, pretože využívame slnečnú energiu máme dobrú polohu na úpätí najmenších veľhor máme výhodné ceny &#8211; mimo sezóny dohodou Ubytovacia kapacita Privátu KOLLÁR je 12 lôžok. [&hellip;]" />
<meta property="og:url" content="https://www.privatkollar.sk/" />
<meta property="og:site_name" content="Privat Kollar" />
<meta property="article:modified_time" content="2026-03-27T18:13:49+00:00" />
<meta name="twitter:card" content="summary_large_image" />
<meta name="twitter:label1" content="Predpokladaný čas čítania" />
	<meta name="twitter:data1" content="1 minúta" />
<script type="application/ld+json" class="yoast-schema-graph">{"@context":"https://schema.org","@graph":[{"@type":"WebPage","@id":"https://www.privatkollar.sk/","url":"https://www.privatkollar.sk/","name":"Vitajte na stránkach nášho Privátu KOLLÁR - Privat Kollar","isPartOf":{"@id":"https://www.privatkollar.sk/#website"},"datePublished":"2022-08-28T12:18:54+00:00","dateModified":"2026-03-27T18:13:49+00:00","breadcrumb":{"@id":"https://www.privatkollar.sk/#breadcrumb"},"inLanguage":"sk-SK","potentialAction":[{"@type":"ReadAction","target":["https://www.privatkollar.sk/"]}]},{"@type":"BreadcrumbList","@id":"https://www.privatkollar.sk/#breadcrumb","itemListElement":[{"@type":"ListItem","position":1,"name":"Home","item":"https://www.privatkollar.sk/"},{"@type":"ListItem","position":2,"name":"Vitajte na stránkach nášho Privátu KOLLÁR"}]},{"@type":"WebSite","@id":"https://www.privatkollar.sk/#website","url":"https://www.privatkollar.sk/","name":"Privat Kollar","description":"","potentialAction":[{"@type":"SearchAction","target":{"@type":"EntryPoint","urlTemplate":"https://www.privatkollar.sk/?s={search_term_string}"},"query-input":"required name=search_term_string"}],"inLanguage":"sk-SK"}]}</script>
<!-- / Yoast SEO plugin. -->

Vitajte na stránkach nášho Privátu KOLLÁR - Privat Kollar

Ponúkame Vám príjemné ubytovanie v rodinnom Priváte KOLLÁR v Novej Lesnej, ktorá leží priamo pod Vysokými Tatrami. Ubytovanie u nás je super, pretože: u nás prispejete k ochrane životného prostredia, pretože využívame slnečnú energiu máme dobrú polohu na úpätí najmenších veľhor máme výhodné ceny &#8211; mimo sezóny dohodou Ubytovacia kapacita Privátu KOLLÁR je 12 lôžok. [&hellip;]

1 minúta
