{"id":11,"date":"2022-08-28T12:04:02","date_gmt":"2022-08-28T12:04:02","guid":{"rendered":"https:\/\/www.privatkollar.sk\/?page_id=11"},"modified":"2022-08-28T17:29:11","modified_gmt":"2022-08-28T17:29:11","slug":"ubytovanie","status":"publish","type":"page","link":"https:\/\/www.privatkollar.sk\/?page_id=11","title":{"rendered":"Ubytovanie"},"content":{"rendered":"\n<h2><\/h2>\n\n\n\n<p>Ubytovacia kapacita Priv\u00e1tu KOLL\u00c1R je 12 l\u00f4\u017eok. N\u00e1v\u0161tevn\u00edkom pon\u00fakame ubytovanie v \u0161tyroch 2-3-l\u00f4\u017ekov\u00fdch izb\u00e1ch. Ka\u017ed\u00e1 izba je vybaven\u00e1 samostatnou sprchou a WC. Na poschod\u00ed je kuchy\u0148a, kde m\u00e1te mo\u017enos\u0165 pripravit si vlastn\u00e9 jedlo. S kuchy\u0148ou je spojen\u00e1 ob\u00fdvacia miestnost s TV pr\u00edjma\u010dom so satelitom.<\/p>\n\n\n\n<h2><\/h2>\n","protected":false},"excerpt":{"rendered":"<p>Ubytovacia kapacita Priv\u00e1tu KOLL\u00c1R je 12 l\u00f4\u017eok. N\u00e1v\u0161tevn\u00edkom pon\u00fakame ubytovanie v \u0161tyroch 2-3-l\u00f4\u017ekov\u00fdch izb\u00e1ch. Ka\u017ed\u00e1 izba je vybaven\u00e1 samostatnou sprchou a WC. Na poschod\u00ed je kuchy\u0148a, kde m\u00e1te mo\u017enos\u0165 pripravit si vlastn\u00e9 jedlo. S kuchy\u0148ou je spojen\u00e1 ob\u00fdvacia miestnost s TV pr\u00edjma\u010dom so satelitom.<\/p>\n","protected":false},"author":1,"featured_media":0,"parent":0,"menu_order":0,"comment_status":"closed","ping_status":"closed","template":"","meta":{"_monsterinsights_skip_tracking":false,"_monsterinsights_sitenote_active":false,"_monsterinsights_sitenote_note":"","_monsterinsights_sitenote_category":0},"yoast_head":"<!-- This site is optimized with the Yoast SEO plugin v19.6 - https:\/\/yoast.com\/wordpress\/plugins\/seo\/ -->\n<title>Ubytovanie - Privat Kollar<\/title>\n<meta name=\"robots\" content=\"index, follow, max-snippet:-1, max-image-preview:large, max-video-preview:-1\" \/>\n<link rel=\"canonical\" href=\"https:\/\/www.privatkollar.sk\/?page_id=11\" \/>\n<meta property=\"og:locale\" content=\"sk_SK\" \/>\n<meta property=\"og:type\" content=\"article\" \/>\n<meta property=\"og:title\" content=\"Ubytovanie - Privat Kollar\" \/>\n<meta property=\"og:description\" content=\"Ubytovacia kapacita Priv\u00e1tu KOLL\u00c1R je 12 l\u00f4\u017eok. N\u00e1v\u0161tevn\u00edkom pon\u00fakame ubytovanie v \u0161tyroch 2-3-l\u00f4\u017ekov\u00fdch izb\u00e1ch. Ka\u017ed\u00e1 izba je vybaven\u00e1 samostatnou sprchou a WC. Na poschod\u00ed je kuchy\u0148a, kde m\u00e1te mo\u017enos\u0165 pripravit si vlastn\u00e9 jedlo. S kuchy\u0148ou je spojen\u00e1 ob\u00fdvacia miestnost s TV pr\u00edjma\u010dom so satelitom.\" \/>\n<meta property=\"og:url\" content=\"https:\/\/www.privatkollar.sk\/?page_id=11\" \/>\n<meta property=\"og:site_name\" content=\"Privat Kollar\" \/>\n<meta property=\"article:modified_time\" content=\"2022-08-28T17:29:11+00:00\" \/>\n<meta name=\"twitter:card\" content=\"summary_large_image\" \/>\n<meta name=\"twitter:label1\" content=\"Predpokladan\u00fd \u010das \u010d\u00edtania\" \/>\n\t<meta name=\"twitter:data1\" content=\"1 min\u00fata\" \/>\n<script type=\"application\/ld+json\" class=\"yoast-schema-graph\">{\"@context\":\"https:\/\/schema.org\",\"@graph\":[{\"@type\":\"WebPage\",\"@id\":\"https:\/\/www.privatkollar.sk\/?page_id=11\",\"url\":\"https:\/\/www.privatkollar.sk\/?page_id=11\",\"name\":\"Ubytovanie - Privat Kollar\",\"isPartOf\":{\"@id\":\"https:\/\/www.privatkollar.sk\/#website\"},\"datePublished\":\"2022-08-28T12:04:02+00:00\",\"dateModified\":\"2022-08-28T17:29:11+00:00\",\"breadcrumb\":{\"@id\":\"https:\/\/www.privatkollar.sk\/?page_id=11#breadcrumb\"},\"inLanguage\":\"sk-SK\",\"potentialAction\":[{\"@type\":\"ReadAction\",\"target\":[\"https:\/\/www.privatkollar.sk\/?page_id=11\"]}]},{\"@type\":\"BreadcrumbList\",\"@id\":\"https:\/\/www.privatkollar.sk\/?page_id=11#breadcrumb\",\"itemListElement\":[{\"@type\":\"ListItem\",\"position\":1,\"name\":\"Home\",\"item\":\"https:\/\/www.privatkollar.sk\/\"},{\"@type\":\"ListItem\",\"position\":2,\"name\":\"Ubytovanie\"}]},{\"@type\":\"WebSite\",\"@id\":\"https:\/\/www.privatkollar.sk\/#website\",\"url\":\"https:\/\/www.privatkollar.sk\/\",\"name\":\"Privat Kollar\",\"description\":\"\",\"potentialAction\":[{\"@type\":\"SearchAction\",\"target\":{\"@type\":\"EntryPoint\",\"urlTemplate\":\"https:\/\/www.privatkollar.sk\/?s={search_term_string}\"},\"query-input\":\"required name=search_term_string\"}],\"inLanguage\":\"sk-SK\"}]}<\/script>\n<!-- \/ Yoast SEO plugin. -->","yoast_head_json":{"title":"Ubytovanie - Privat Kollar","robots":{"index":"index","follow":"follow","max-snippet":"max-snippet:-1","max-image-preview":"max-image-preview:large","max-video-preview":"max-video-preview:-1"},"canonical":"https:\/\/www.privatkollar.sk\/?page_id=11","og_locale":"sk_SK","og_type":"article","og_title":"Ubytovanie - Privat Kollar","og_description":"Ubytovacia kapacita Priv\u00e1tu KOLL\u00c1R je 12 l\u00f4\u017eok. N\u00e1v\u0161tevn\u00edkom pon\u00fakame ubytovanie v \u0161tyroch 2-3-l\u00f4\u017ekov\u00fdch izb\u00e1ch. Ka\u017ed\u00e1 izba je vybaven\u00e1 samostatnou sprchou a WC. Na poschod\u00ed je kuchy\u0148a, kde m\u00e1te mo\u017enos\u0165 pripravit si vlastn\u00e9 jedlo. S kuchy\u0148ou je spojen\u00e1 ob\u00fdvacia miestnost s TV pr\u00edjma\u010dom so satelitom.","og_url":"https:\/\/www.privatkollar.sk\/?page_id=11","og_site_name":"Privat Kollar","article_modified_time":"2022-08-28T17:29:11+00:00","twitter_card":"summary_large_image","twitter_misc":{"Predpokladan\u00fd \u010das \u010d\u00edtania":"1 min\u00fata"},"schema":{"@context":"https:\/\/schema.org","@graph":[{"@type":"WebPage","@id":"https:\/\/www.privatkollar.sk\/?page_id=11","url":"https:\/\/www.privatkollar.sk\/?page_id=11","name":"Ubytovanie - Privat Kollar","isPartOf":{"@id":"https:\/\/www.privatkollar.sk\/#website"},"datePublished":"2022-08-28T12:04:02+00:00","dateModified":"2022-08-28T17:29:11+00:00","breadcrumb":{"@id":"https:\/\/www.privatkollar.sk\/?page_id=11#breadcrumb"},"inLanguage":"sk-SK","potentialAction":[{"@type":"ReadAction","target":["https:\/\/www.privatkollar.sk\/?page_id=11"]}]},{"@type":"BreadcrumbList","@id":"https:\/\/www.privatkollar.sk\/?page_id=11#breadcrumb","itemListElement":[{"@type":"ListItem","position":1,"name":"Home","item":"https:\/\/www.privatkollar.sk\/"},{"@type":"ListItem","position":2,"name":"Ubytovanie"}]},{"@type":"WebSite","@id":"https:\/\/www.privatkollar.sk\/#website","url":"https:\/\/www.privatkollar.sk\/","name":"Privat Kollar","description":"","potentialAction":[{"@type":"SearchAction","target":{"@type":"EntryPoint","urlTemplate":"https:\/\/www.privatkollar.sk\/?s={search_term_string}"},"query-input":"required name=search_term_string"}],"inLanguage":"sk-SK"}]}},"_links":{"self":[{"href":"https:\/\/www.privatkollar.sk\/index.php?rest_route=\/wp\/v2\/pages\/11"}],"collection":[{"href":"https:\/\/www.privatkollar.sk\/index.php?rest_route=\/wp\/v2\/pages"}],"about":[{"href":"https:\/\/www.privatkollar.sk\/index.php?rest_route=\/wp\/v2\/types\/page"}],"author":[{"embeddable":true,"href":"https:\/\/www.privatkollar.sk\/index.php?rest_route=\/wp\/v2\/users\/1"}],"replies":[{"embeddable":true,"href":"https:\/\/www.privatkollar.sk\/index.php?rest_route=%2Fwp%2Fv2%2Fcomments&post=11"}],"version-history":[{"count":4,"href":"https:\/\/www.privatkollar.sk\/index.php?rest_route=\/wp\/v2\/pages\/11\/revisions"}],"predecessor-version":[{"id":61,"href":"https:\/\/www.privatkollar.sk\/index.php?rest_route=\/wp\/v2\/pages\/11\/revisions\/61"}],"wp:attachment":[{"href":"https:\/\/www.privatkollar.sk\/index.php?rest_route=%2Fwp%2Fv2%2Fmedia&parent=11"}],"curies":[{"name":"wp","href":"https:\/\/api.w.org\/{rel}","templated":true}]}}

<h2></h2>



<p>Ubytovacia kapacita Privátu KOLLÁR je 12 lôžok. Návštevníkom ponúkame ubytovanie v štyroch 2-3-lôžkových izbách. Každá izba je vybavená samostatnou sprchou a WC. Na poschodí je kuchyňa, kde máte možnosť pripravit si vlastné jedlo. S kuchyňou je spojená obývacia miestnost s TV príjmačom so satelitom.</p>



<h2></h2>

<p>Ubytovacia kapacita Privátu KOLLÁR je 12 lôžok. Návštevníkom ponúkame ubytovanie v štyroch 2-3-lôžkových izbách. Každá izba je vybavená samostatnou sprchou a WC. Na poschodí je kuchyňa, kde máte možnosť pripravit si vlastné jedlo. S kuchyňou je spojená obývacia miestnost s TV príjmačom so satelitom.</p>

<!-- This site is optimized with the Yoast SEO plugin v19.6 - https://yoast.com/wordpress/plugins/seo/ -->
<title>Ubytovanie - Privat Kollar</title>
<meta name="robots" content="index, follow, max-snippet:-1, max-image-preview:large, max-video-preview:-1" />
<link rel="canonical" href="https://www.privatkollar.sk/?page_id=11" />
<meta property="og:locale" content="sk_SK" />
<meta property="og:type" content="article" />
<meta property="og:title" content="Ubytovanie - Privat Kollar" />
<meta property="og:description" content="Ubytovacia kapacita Privátu KOLLÁR je 12 lôžok. Návštevníkom ponúkame ubytovanie v štyroch 2-3-lôžkových izbách. Každá izba je vybavená samostatnou sprchou a WC. Na poschodí je kuchyňa, kde máte možnosť pripravit si vlastné jedlo. S kuchyňou je spojená obývacia miestnost s TV príjmačom so satelitom." />
<meta property="og:url" content="https://www.privatkollar.sk/?page_id=11" />
<meta property="og:site_name" content="Privat Kollar" />
<meta property="article:modified_time" content="2022-08-28T17:29:11+00:00" />
<meta name="twitter:card" content="summary_large_image" />
<meta name="twitter:label1" content="Predpokladaný čas čítania" />
	<meta name="twitter:data1" content="1 minúta" />
<script type="application/ld+json" class="yoast-schema-graph">{"@context":"https://schema.org","@graph":[{"@type":"WebPage","@id":"https://www.privatkollar.sk/?page_id=11","url":"https://www.privatkollar.sk/?page_id=11","name":"Ubytovanie - Privat Kollar","isPartOf":{"@id":"https://www.privatkollar.sk/#website"},"datePublished":"2022-08-28T12:04:02+00:00","dateModified":"2022-08-28T17:29:11+00:00","breadcrumb":{"@id":"https://www.privatkollar.sk/?page_id=11#breadcrumb"},"inLanguage":"sk-SK","potentialAction":[{"@type":"ReadAction","target":["https://www.privatkollar.sk/?page_id=11"]}]},{"@type":"BreadcrumbList","@id":"https://www.privatkollar.sk/?page_id=11#breadcrumb","itemListElement":[{"@type":"ListItem","position":1,"name":"Home","item":"https://www.privatkollar.sk/"},{"@type":"ListItem","position":2,"name":"Ubytovanie"}]},{"@type":"WebSite","@id":"https://www.privatkollar.sk/#website","url":"https://www.privatkollar.sk/","name":"Privat Kollar","description":"","potentialAction":[{"@type":"SearchAction","target":{"@type":"EntryPoint","urlTemplate":"https://www.privatkollar.sk/?s={search_term_string}"},"query-input":"required name=search_term_string"}],"inLanguage":"sk-SK"}]}</script>
<!-- / Yoast SEO plugin. -->

Ubytovacia kapacita Privátu KOLLÁR je 12 lôžok. Návštevníkom ponúkame ubytovanie v štyroch 2-3-lôžkových izbách. Každá izba je vybavená samostatnou sprchou a WC. Na poschodí je kuchyňa, kde máte možnosť pripravit si vlastné jedlo. S kuchyňou je spojená obývacia miestnost s TV príjmačom so satelitom.

1 minúta
